3 and 1403?
23
What is the highest common factor of 913 and 33?
11
What is the highest common factor of 306 and 1377?
153
Calculate the highest common divisor of 600 and 48.
24
Calculate the highest common divisor of 8 and 2936.
8
What is the highest common divisor of 231 and 198?
33
What is the greatest common divisor of 9 and 3033?
9
Calculate the greatest common factor of 40 and 1000.
40
Calculate the highest common divisor of 5370 and 30.
30
Calculate the highest common factor of 2948 and 264.
44
Calculate the highest common factor of 1001 and 39.
13
Calculate the greatest common divisor of 80 and 36240.
80
What is the greatest common factor of 5952 and 8?
8
What is the highest common factor of 120 and 624?
24
Calculate the greatest common divisor of 47 and 3.
1
What is the greatest common factor of 1240 and 806?
62
What is the highest common factor of 52 and 356?
4
Calculate the highest common factor of 2626 and 208.
26
Calculate the greatest common divisor of 153 and 81.
9
Calculate the greatest common divisor of 576 and 132.
12
What is the greatest common divisor of 1273 and 76?
19
Calculate the highest common divisor of 40 and 190.
10
What is the highest common factor of 1863 and 729?
81
What is the greatest common factor of 182 and 42?
14
What is the highest common divisor of 52 and 3029?
13
What is the highest common factor of 4023 and 54?
27
Calculate the highest common factor of 7 and 56.
7
Calculate the highest common divisor of 51 and 1003.
17
What is the greatest common divisor of 609 and 8120?
203
Calculate the greatest common divisor of 26 and 416.
26
What is the greatest common divisor of 120 and 510?
30
What is the greatest common divisor of 50 and 4650?
50
What is the highest common divisor of 400 and 560?
80
Calculate the highest common factor of 221 and 247.
13
Calculate the highest common divisor of 10 and 610.
10
What is the highest common factor of 5145 and 15?
15
What is the greatest common divisor of 147 and 1813?
49
What is the greatest common factor of 100 and 8?
4
What is the highest common divisor of 96 and 336?
48
What is the highest common factor of 1526 and 98?
14
What is the greatest common divisor of 80 and 14850?
10
Calculate the highest common divisor of 70 and 6195.
35
Calculate the greatest common divisor of 9 and 657.
9
Calculate the highest common divisor of 1804 and 205.
41
Calculate the highest common factor of 182 and 702.
26
What is the highest common divisor of 36 and 36?
36
Calculate the highest common divisor of 8640 and 18.
18
What is the greatest common divisor of 91 and 1547?
91
What is the greatest common divisor of 42 and 112?
14
What is the highest common factor of 13225 and 46?
23
What is the greatest common divisor of 352 and 132?
44
What is the highest common factor of 82 and 8774?
82
What is the highest common factor of 72 and 1704?
24
What is the greatest common factor of 15 and 51?
3
Calculate the greatest common factor of 21 and 896.
7
What is the greatest common factor of 2 and 258?
2
What is the greatest common factor of 3 and 96?
3
What is the greatest common factor of 161 and 3059?
161
What is the highest common divisor of 150 and 7350?
150
What is the greatest common divisor of 1274 and 39?
13
Calculate the highest common factor of 50 and 2025.
25
Calculate the greatest common divisor of 3286 and 159.
53
Calculate the highest common factor of 532 and 11571.
133
What is the greatest common factor of 55 and 4103?
11
What is the greatest common factor of 30 and 1470?
30
What is the greatest common factor of 30 and 390?
30
What is the highest common factor of 48 and 304?
16
What is the greatest common divisor of 688 and 80?
16
Calculate the highest common divisor of 236 and 40.
4
What is the greatest common factor of 468 and 3708?
36
Calculate the highest common factor of 28446 and 6.
6
What is the highest common factor of 483 and 231?
21
What is the highest common divisor of 3703 and 966?
161
Calculate the greatest common divisor of 8 and 200.
8
Calculate the greatest common factor of 34 and 8738.
34
What is the greatest common factor of 845 and 195?
65
Calculate the greatest common divisor of 7 and 301.
7
Calculate the highest common factor of 3267 and 8349.
363
Calculate the highest common factor of 132 and 1308.
12
Calculate the highest common factor of 200 and 25.
25
What is the greatest common factor of 153 and 4149?
9
Calculate the highest common divisor of 2201 and 31.
31
What is the highest common factor of 5 and 295?
5
What is the highest common factor of 4 and 15?
1
What is the greatest common factor of 384 and 576?
192
What is the greatest common divisor of 216 and 10?
2
What is the greatest common divisor of 10 and 18?
2
What is the greatest common divisor of 4028 and 19?
19
Calculate the greatest common factor of 119 and 731.
17
What is the highest common factor of 9 and 6?
3
Calculate the highest common factor of 15 and 240.
15
What is the greatest common divisor of 435 and 2697?
87
What is the highest common divisor of 3054 and 6?
6
What is the highest common divisor of 23 and 1357?
23
What is the greatest common divisor of 104 and 8?
8
Calculate the highest common divisor of 22 and 2222.
22
What is the greatest common factor of 45 and 2355?
15
Calculate the greatest common factor of 3080 and 3960.
440
Calculate the greatest common factor of 14 and 54.
2
Calculate the greatest common factor of 64 and 35.
1
Calculate the greatest common divisor of 1292 and 76.
76
Calculate the highest common divisor of 357 and 1309.
119
Calculate the highest common divisor of 184 and 24.
8
What is the greatest common factor of 23 and 3?
1
What is the highest common divisor of 64 and 6?
2
Calculate the highest common factor of 280 and 14.
14
Calculate the highest common factor of 18 and 423.
9
Calculate the highest common factor of 7955 and 925.
185
What is the highest common divisor of 48 and 5640?
24
Calculate the highest common factor of 9 and 6.
3
Calculate the highest common divisor of 80 and 1904.
16
Calculate the greatest common divisor of 938 and 154.
14
Calculate the highest common factor of 3009 and 102.
51
Calculate the greatest common factor of 165 and 45.
15
What is the greatest common factor of 3032 and 8?
8
What is the highest common divisor of 91 and 364?
91
What is the greatest common factor of 741 and 39?
39
What is the highest common factor of 4064 and 127?
127
What is the highest common factor of 2 and 194?
2
What is the greatest common factor of 1854 and 54?
18
Calculate the greatest common factor of 4 and 236.
4
Calculate the highest common divisor of 51448 and 59.
59
Calculate the greatest common divisor of 456 and 57.
57
What is the greatest common divisor of 24015 and 15?
15
Calculate the greatest common divisor of 170 and 17714.
34
Calculate the greatest common divisor of 117 and 663.
39
Calculate the highest common divisor of 4 and 92.
4
Calculate the highest common divisor of 16 and 64.
16
What is the greatest common factor of 99 and 341?
11
What is the greatest common divisor of 81 and 297?
27
What is the greatest common factor of 2546 and 76?
38
What is the highest common factor of 6 and 12?
6
Calculate the greatest common factor of 1798 and 116.
58
What is the greatest common factor of 3050 and 225?
25
Calculate the highest common divisor of 1309 and 308.
77
What is the highest common divisor of 11560 and 10?
10
What is the highest common factor of 5595 and 15?
15
What is the greatest common divisor of 27 and 27?
27
Calculate the greatest common divisor of 189 and 63.
63
What is the highest common divisor of 15230 and 50?
10
Calculate the greatest common divisor of 259 and 9287.
37
Calculate the highest common factor of 212 and 2226.
106
Calculate the highest common divisor of 11303 and 89.
89
What is the greatest common divisor of 47 and 94?
47
What is the highest common divisor of 480 and 420?
60
Calculate the greatest common divisor of 216 and 36.
36
Calculate the greatest common divisor of 234 and 3159.
117
What is the greatest common factor of 112 and 504?
56
What is the greatest common divisor of 100 and 1660?
20
Calculate the highest common divisor of 68 and 289.
17
Calculate the highest common factor of 465 and 217.
31
What is the greatest c